8931094?
9
What is the thousands digit of 703790261?
0
What is the ten millions digit of 188002928?
8
What is the ten thousands digit of 3456485772?
8
What is the thousands digit of 75447639?
7
What is the units digit of 88320183?
3
What is the ten millions digit of 11859810?
1
What is the hundred millions digit of 519649481?
5
What is the millions digit of 35689888?
5
What is the units digit of 982674700?
0
What is the ten millions digit of 50659459?
5
What is the hundreds digit of 154403?
4
What is the hundreds digit of 16064262?
2
What is the ten millions digit of 304050415?
0
What is the ten thousands digit of 275764667?
6
What is the hundred thousands digit of 614150880?
1
What is the hundred thousands digit of 85426538?
4
What is the ten thousands digit of 351359814?
5
What is the millions digit of 30620709?
0
What is the units digit of 1879563142?
2
What is the tens digit of 46828760?
6
What is the millions digit of 278798130?
8
What is the thousands digit of 74920061?
0
What is the millions digit of 7011854487?
1
What is the hundred millions digit of 432856677?
4
What is the hundreds digit of 143697964?
9
What is the hundred thousands digit of 1784401965?
4
What is the billions digit of 3288229072?
3
What is the units digit of 195284951?
1
What is the tens digit of 57114012?
1
What is the ten thousands digit of 247543436?
4
What is the hundreds digit of 1124204828?
8
What is the units digit of 115053288?
8
What is the hundreds digit of 534557117?
1
What is the tens digit of 1247935098?
9
What is the ten millions digit of 40405205?
4
What is the ten millions digit of 288680942?
8
What is the hundred thousands digit of 57127576?
1
What is the ten thousands digit of 23601865?
0
What is the hundred thousands digit of 10291775?
2
What is the units digit of 108726983?
3
What is the hundred millions digit of 437240490?
4
What is the ten thousands digit of 44739759?
3
What is the hundreds digit of 141744623?
6
What is the hundred thousands digit of 29327298?
3
What is the tens digit of 59722493?
9
What is the ten thousands digit of 13942540?
4
What is the ten thousands digit of 82219558?
1
What is the hundreds digit of 43711610?
6
What is the millions digit of 191156425?
1
What is the ten thousands digit of 832605706?
0
What is the hundred thousands digit of 1236045904?
0
What is the ten thousands digit of 996134280?
3
What is the hundreds digit of 139754380?
3
What is the units digit of 29851088?
8
What is the ten millions digit of 110143021?
1
What is the ten thousands digit of 42220001?
2
What is the ten thousands digit of 4296219?
9
What is the units digit of 65094752?
2
What is the thousands digit of 1367727289?
7
What is the thousands digit of 4946349452?
9
What is the hundreds digit of 43204040?
0
What is the hundreds digit of 102747863?
8
What is the hundreds digit of 56945992?
9
What is the thousands digit of 322454565?
4
What is the tens digit of 198471725?
2
What is the billions digit of 1795354958?
1
What is the hundreds digit of 15931637?
6
What is the units digit of 121140758?
8
What is the ten millions digit of 555056267?
5
What is the millions digit of 171754486?
1
What is the thousands digit of 11174764?
4
What is the ten millions digit of 2035688023?
3
What is the units digit of 2003768892?
2
What is the units digit of 4060360?
0
What is the millions digit of 149209344?
9
What is the ten millions digit of 445971450?
4
What is the hundred thousands digit of 93596294?
5
What is the thousands digit of 304386778?
6
What is the tens digit of 98333170?
7
What is the units digit of 590116428?
8
What is the hundred thousands digit of 68442473?
4
What is the hundred thousands digit of 375483853?
4
What is the ten millions digit of 549479246?
4
What is the hundreds digit of 5999338384?
3
What is the hundreds digit of 330429976?
9
What is the ten millions digit of 361892939?
6
What is the hundred thousands digit of 99343706?
3
What is the hundreds digit of 498610953?
9
What is the billions digit of 1994557499?
1
What is the ten millions digit of 93379386?
9
What is the units digit of 2196154803?
3
What is the hundred millions digit of 2422458136?
4
What is the ten millions digit of 24473311?
2
What is the units digit of 3459739739?
9
What is the hundred millions digit of 103885776?
1
What is the units digit of 207766925?
5
What is the thousands digit of 955527566?
7
What is the hundreds digit of 20745978?
9
What is the hundreds digit of 29047846?
8
What is the ten millions digit of 32829332?
3
What is the units digit of 326412418?
8
What is the tens digit of 753903256?
5
What is the ten thousands digit of 5848523018?
2
What is the ten millions digit of 446509612?
4
What is the millions digit of 276622222?
6
What is the ten millions digit of 107325056?
0
What is the hundreds digit of 202570503?
5
What is the hundred thousands digit of 2213571918?
5
What is the tens digit of 66701969?
6
What is the thousands digit of 6425540?
5
What is the millions digit of 933350253?
3
What is the hundred thousands digit of 108747375?
7
What is the billions digit of 7154469055?
7
What is the ten thousands digit of 2662191648?
9
What is the hundred thousands digit of 509231932?
2
What is the hundred thousands digit of 4517082?
5
What is the ten thousands digit of 6760019407?
1
What is the hundreds digit of 3766701?
7
What is the tens digit of 430580643?
4
What is the billions digit of 1570136470?
1
What is the units digit of 338846677?
7
What is the hundred millions digit of 384959986?
3
What is the tens digit of 34712139?
3
What is the tens digit of 101377217?
1
What is the thousands digit of 1860023299?
3
What is the thousands digit of 92584595?
4
What is the thousands digit of 1278910304?
0
What is the units digit of 46399488?
8
What is the ten millions digit of 1167270365?
6
What is the hundred thousands digit of 1783988235?
9
What is the ten thousands digit of 84164845?
6
What is the millions digit of 82173934?
2
What is the units digit of 2359492661?
1
What is the units digit of 819743073?
3
What is the hundreds digit of 170763371?
3
What is the tens digit of 298716166?
6
What is the hundred millions digit of 1205905692?
2
What is the hundreds digit of 416872346?
3
What is the hundred thousands digit of 24782127?
7
What is the hundreds digit of 514442309?
3
What is the thousands digit of 6362588015?
8
What is the ten millions digit of 2414479164?
1
What is the millions digit of 2016537260?
6
What is the hundreds digit of 37539055?
0
What is the hundred thousands digit of 93904046?
9
What is the millions digit of 85936719?
5
What is the units digit of 75676681?
1
What is the ten thousands digit of 212244096?
4
What is the ten thousands digit of 130710414?
1
What is the ten millions digit of 133179247?
3
What is the hundred millions digit of 117814366?
1
What is the ten thousands digit of 320714468?
1
What is the millions digit of 29317416?
9
What is the hundreds digit of 270300111?
1
What is the ten millions digit of 102890966?
0
What is the millions digit of 267948440?
7
What is the millions digit of 203822292?
3
What is the hundreds digit of 63071739?
7
What is the ten millions digit of 996590456?
9
What is the ten millions digit of 58250430?
5
What is the units digit of 5333254182?
2
What is the hundred thousands digit of 301937821?
9
What is the hundred thousands digit of 601709375?
7
What is the hundred thousands digit of 108715432?
7
What is the thousands digit of 481644321?
4
What is the hundreds digit of 161642558?
5
What is the units digit of 146775995?
5
What is the thousands digit of 24047175?
7
What is the hundred millions digit of 178680503?
1
What is the ten thousands digit of 90392272?
9
What is the ten thousands digit of 74347317?
4
What is the ten millions digit of 412247713?
1
What is the ten thousands digit of 1607251616?
5
What is the hundreds digit of 372571545?
5
What is the ten millions digit of 71696862?
7
What is the units digit of 3414437381?
1
What is the ten thousands digit of 78848956?
4
What is the units digit of 2052279854?
4
What is the thousands digit of 6310879?
0
What is the units digit of 33385955?
5
What is the thousands digit of 854058105?
8
What is the billions digit of 1215419701?
1
What is the ten million